{"id":2,"date":"2018-03-17T09:10:06","date_gmt":"2018-03-17T09:10:06","guid":{"rendered":"https:\/\/clementcolliard.art\/?page_id=2"},"modified":"2024-04-10T13:12:53","modified_gmt":"2024-04-10T13:12:53","slug":"platanes-tout-nus","status":"publish","type":"page","link":"https:\/\/clementcolliard.art\/en\/platanes-tout-nus\/","title":{"rendered":"Platanes tous nus"},"content":{"rendered":"<p class=\"wp-block-paragraph\">Mini S\u00e9rie sur les platanes \u00e0 Gen\u00e8ve. 5 photos, mai 2018<\/p>\n\n\n<style type=\"text\/css\">\n#foogallery-gallery-2482 .fg-image { width: 150px; }\n#foogallery-gallery-2482 { --fg-gutter: 10px; }<\/style>\n\t\t\t<div class=\"foogallery foogallery-container foogallery-default foogallery-lightbox-foobox fg-center fg-default fg-ready fg-dark fg-border-thin fg-shadow-outline fg-loading-default fg-loaded-fade-in fg-caption-hover fg-hover-fade fg-hover-zoom\" id=\"foogallery-gallery-2482\" data-foogallery=\"{&quot;item&quot;:{&quot;showCaptionTitle&quot;:false,&quot;showCaptionDescription&quot;:false},&quot;lazy&quot;:false,&quot;src&quot;:&quot;src&quot;,&quot;srcset&quot;:&quot;srcset&quot;}\" style=\"--fg-title-line-clamp: 0; --fg-description-line-clamp: 0;\" >\n\t<div class=\"fg-item fg-type-image fg-loaded\"><figure class=\"fg-item-inner\"><a href=\"https:\/\/clementcolliard.art\/wp-content\/uploads\/clementcolliard-04052018-L1013367.jpg\" data-caption-desc=\"Mini S\u00e9rie sur les platanes \u00e0 Gen\u00e8ve. 5 photos, mai 2018\" data-attachment-id=\"1933\" data-type=\"image\" class=\"fg-thumb\"><span class=\"fg-image-wrap\"><img decoding=\"async\" src=\"https:\/\/clementcolliard.art\/wp-content\/uploads\/cache\/clementcolliard-04052018-L1013367\/1236230672.jpg\" width=\"150\" height=\"150\" class=\"skip-lazy fg-image\" loading=\"eager\"><\/span><span class=\"fg-image-overlay\"><\/span><\/a><\/figure><div class=\"fg-loader\"><\/div><\/div><div class=\"fg-item fg-type-image fg-loaded\"><figure class=\"fg-item-inner\"><a href=\"https:\/\/clementcolliard.art\/wp-content\/uploads\/clementcolliard-05052018-DSC_0029.jpg\" data-caption-desc=\"Mini S\u00e9rie sur les platanes \u00e0 Gen\u00e8ve. 5 photos, mai 2018\" data-attachment-id=\"1937\" data-type=\"image\" class=\"fg-thumb\"><span class=\"fg-image-wrap\"><img decoding=\"async\" src=\"https:\/\/clementcolliard.art\/wp-content\/uploads\/cache\/clementcolliard-05052018-DSC_0029\/2315274376.jpg\" width=\"150\" height=\"150\" class=\"skip-lazy fg-image\" loading=\"eager\"><\/span><span class=\"fg-image-overlay\"><\/span><\/a><\/figure><div class=\"fg-loader\"><\/div><\/div><div class=\"fg-item fg-type-image fg-loaded\"><figure class=\"fg-item-inner\"><a href=\"https:\/\/clementcolliard.art\/wp-content\/uploads\/clementcolliard-05052018-DSC_0007.jpg\" data-caption-desc=\"Mini S\u00e9rie sur les platanes \u00e0 Gen\u00e8ve. 5 photos, mai 2018\" data-attachment-id=\"1935\" data-type=\"image\" class=\"fg-thumb\"><span class=\"fg-image-wrap\"><img decoding=\"async\" src=\"https:\/\/clementcolliard.art\/wp-content\/uploads\/cache\/clementcolliard-05052018-DSC_0007\/1606470155.jpg\" width=\"150\" height=\"150\" class=\"skip-lazy fg-image\" loading=\"eager\"><\/span><span class=\"fg-image-overlay\"><\/span><\/a><\/figure><div class=\"fg-loader\"><\/div><\/div><div class=\"fg-item fg-type-image fg-loaded\"><figure class=\"fg-item-inner\"><a href=\"https:\/\/clementcolliard.art\/wp-content\/uploads\/clementcolliard-05052018-DSC_0025.jpg\" data-caption-desc=\"Mini S\u00e9rie sur les platanes \u00e0 Gen\u00e8ve. 5 photos, mai 2018\" data-attachment-id=\"1936\" data-type=\"image\" class=\"fg-thumb\"><span class=\"fg-image-wrap\"><img decoding=\"async\" src=\"https:\/\/clementcolliard.art\/wp-content\/uploads\/cache\/clementcolliard-05052018-DSC_0025\/1195999996.jpg\" width=\"150\" height=\"150\" class=\"skip-lazy fg-image\" loading=\"eager\"><\/span><span class=\"fg-image-overlay\"><\/span><\/a><\/figure><div class=\"fg-loader\"><\/div><\/div><div class=\"fg-item fg-type-image fg-loaded\"><figure class=\"fg-item-inner\"><a href=\"https:\/\/clementcolliard.art\/wp-content\/uploads\/clementcolliard-04052018-L1013372.jpg\" data-caption-desc=\"Mini S\u00e9rie sur les platanes \u00e0 Gen\u00e8ve. 5 photos, mai 2018\" data-attachment-id=\"1934\" data-type=\"image\" class=\"fg-thumb\"><span class=\"fg-image-wrap\"><img decoding=\"async\" src=\"https:\/\/clementcolliard.art\/wp-content\/uploads\/cache\/clementcolliard-04052018-L1013372\/1684433172.jpg\" width=\"150\" height=\"150\" class=\"skip-lazy fg-image\" loading=\"eager\"><\/span><span class=\"fg-image-overlay\"><\/span><\/a><\/figure><div class=\"fg-loader\"><\/div><\/div><div class=\"fg-item fg-type-image fg-loaded\"><figure class=\"fg-item-inner\"><a href=\"https:\/\/clementcolliard.art\/wp-content\/uploads\/clementcolliard-18022020-L1016316.jpg\" data-caption-title=\"contact@clementcolliard.art\" data-caption-desc=\"Mini S\u00e9rie sur les platanes \u00e0 Gen\u00e8ve.\" data-attachment-id=\"3253\" data-type=\"image\" class=\"fg-thumb\"><span class=\"fg-image-wrap\"><img decoding=\"async\" src=\"https:\/\/clementcolliard.art\/wp-content\/uploads\/cache\/clementcolliard-18022020-L1016316\/1510877555.jpg\" title=\"contact@clementcolliard.art\" width=\"150\" height=\"150\" class=\"skip-lazy fg-image\" loading=\"eager\"><\/span><span class=\"fg-image-overlay\"><\/span><\/a><\/figure><div class=\"fg-loader\"><\/div><\/div><\/div>","protected":false},"excerpt":{"rendered":"<p>Mini S\u00e9rie sur les platanes \u00e0 Gen\u00e8ve. 5 photos, mai 2018<\/p>","protected":false},"author":1,"featured_media":0,"parent":0,"menu_order":0,"comment_status":"closed","ping_status":"closed","template":"","meta":{"_crdt_document":"","_vp_format_video_url":"","_vp_image_focal_point":[],"footnotes":""},"class_list":["post-2","page","type-page","status-publish","hentry"],"_links":{"self":[{"href":"https:\/\/clementcolliard.art\/en\/wp-json\/wp\/v2\/pages\/2","targetHints":{"allow":["GET"]}}],"collection":[{"href":"https:\/\/clementcolliard.art\/en\/wp-json\/wp\/v2\/pages"}],"about":[{"href":"https:\/\/clementcolliard.art\/en\/wp-json\/wp\/v2\/types\/page"}],"author":[{"embeddable":true,"href":"https:\/\/clementcolliard.art\/en\/wp-json\/wp\/v2\/users\/1"}],"replies":[{"embeddable":true,"href":"https:\/\/clementcolliard.art\/en\/wp-json\/wp\/v2\/comments?post=2"}],"version-history":[{"count":11,"href":"https:\/\/clementcolliard.art\/en\/wp-json\/wp\/v2\/pages\/2\/revisions"}],"predecessor-version":[{"id":4092,"href":"https:\/\/clementcolliard.art\/en\/wp-json\/wp\/v2\/pages\/2\/revisions\/4092"}],"wp:attachment":[{"href":"https:\/\/clementcolliard.art\/en\/wp-json\/wp\/v2\/media?parent=2"}],"curies":[{"name":"wp","href":"https:\/\/api.w.org\/{rel}","templated":true}]}}

<p class="wp-block-paragraph">Mini Série sur les platanes à Genève. 5 photos, mai 2018</p>


<style type="text/css">
#foogallery-gallery-2482 .fg-image { width: 150px; }
#foogallery-gallery-2482 { --fg-gutter: 10px; }</style>
			<div class="foogallery foogallery-container foogallery-default foogallery-lightbox-foobox fg-center fg-default fg-ready fg-dark fg-border-thin fg-shadow-outline fg-loading-default fg-loaded-fade-in fg-caption-hover fg-hover-fade fg-hover-zoom" id="foogallery-gallery-2482" data-foogallery="{&quot;item&quot;:{&quot;showCaptionTitle&quot;:false,&quot;showCaptionDescription&quot;:false},&quot;lazy&quot;:false,&quot;src&quot;:&quot;src&quot;,&quot;srcset&quot;:&quot;srcset&quot;}" style="--fg-title-line-clamp: 0; --fg-description-line-clamp: 0;" >
	<div class="fg-item fg-type-image fg-loaded"><figure class="fg-item-inner"><a href="https://clementcolliard.art/wp-content/uploads/clementcolliard-04052018-L1013367.jpg" data-caption-desc="Mini Série sur les platanes à Genève. 5 photos, mai 2018" data-attachment-id="1933" data-type="image" class="fg-thumb"><span class="fg-image-wrap"><img decoding="async" src="https://clementcolliard.art/wp-content/uploads/cache/clementcolliard-04052018-L1013367/1236230672.jpg" width="150" height="150" class="skip-lazy fg-image" loading="eager"></span><span class="fg-image-overlay"></span></a></figure><div class="fg-loader"></div></div><div class="fg-item fg-type-image fg-loaded"><figure class="fg-item-inner"><a href="https://clementcolliard.art/wp-content/uploads/clementcolliard-05052018-DSC_0029.jpg" data-caption-desc="Mini Série sur les platanes à Genève. 5 photos, mai 2018" data-attachment-id="1937" data-type="image" class="fg-thumb"><span class="fg-image-wrap"><img decoding="async" src="https://clementcolliard.art/wp-content/uploads/cache/clementcolliard-05052018-DSC_0029/2315274376.jpg" width="150" height="150" class="skip-lazy fg-image" loading="eager"></span><span class="fg-image-overlay"></span></a></figure><div class="fg-loader"></div></div><div class="fg-item fg-type-image fg-loaded"><figure class="fg-item-inner"><a href="https://clementcolliard.art/wp-content/uploads/clementcolliard-05052018-DSC_0007.jpg" data-caption-desc="Mini Série sur les platanes à Genève. 5 photos, mai 2018" data-attachment-id="1935" data-type="image" class="fg-thumb"><span class="fg-image-wrap"><img decoding="async" src="https://clementcolliard.art/wp-content/uploads/cache/clementcolliard-05052018-DSC_0007/1606470155.jpg" width="150" height="150" class="skip-lazy fg-image" loading="eager"></span><span class="fg-image-overlay"></span></a></figure><div class="fg-loader"></div></div><div class="fg-item fg-type-image fg-loaded"><figure class="fg-item-inner"><a href="https://clementcolliard.art/wp-content/uploads/clementcolliard-05052018-DSC_0025.jpg" data-caption-desc="Mini Série sur les platanes à Genève. 5 photos, mai 2018" data-attachment-id="1936" data-type="image" class="fg-thumb"><span class="fg-image-wrap"><img decoding="async" src="https://clementcolliard.art/wp-content/uploads/cache/clementcolliard-05052018-DSC_0025/1195999996.jpg" width="150" height="150" class="skip-lazy fg-image" loading="eager"></span><span class="fg-image-overlay"></span></a></figure><div class="fg-loader"></div></div><div class="fg-item fg-type-image fg-loaded"><figure class="fg-item-inner"><a href="https://clementcolliard.art/wp-content/uploads/clementcolliard-04052018-L1013372.jpg" data-caption-desc="Mini Série sur les platanes à Genève. 5 photos, mai 2018" data-attachment-id="1934" data-type="image" class="fg-thumb"><span class="fg-image-wrap"><img decoding="async" src="https://clementcolliard.art/wp-content/uploads/cache/clementcolliard-04052018-L1013372/1684433172.jpg" width="150" height="150" class="skip-lazy fg-image" loading="eager"></span><span class="fg-image-overlay"></span></a></figure><div class="fg-loader"></div></div><div class="fg-item fg-type-image fg-loaded"><figure class="fg-item-inner"><a href="https://clementcolliard.art/wp-content/uploads/clementcolliard-18022020-L1016316.jpg" data-caption-title="contact@clementcolliard.art" data-caption-desc="Mini Série sur les platanes à Genève." data-attachment-id="3253" data-type="image" class="fg-thumb"><span class="fg-image-wrap"><img decoding="async" src="https://clementcolliard.art/wp-content/uploads/cache/clementcolliard-18022020-L1016316/1510877555.jpg" title="contact@clementcolliard.art" width="150" height="150" class="skip-lazy fg-image" loading="eager"></span><span class="fg-image-overlay"></span></a></figure><div class="fg-loader"></div></div></div>

<p>Mini Série sur les platanes à Genève. 5 photos, mai 2018</p>
